- 3. Is j(c) prime?
False
Suppose -q = -3*q + 10. Suppose -5*v - q*a + 1030 = 0, -3*v + 5*a = -0*v - 594. Is v a prime number?
False
Suppose -f - 3 = -5. Suppose f*l = 3*n - 8*n + 339, -5*n - 5*l = -345. Is n prime?
True
Let q be 20/(-15)*(-3)/2. Suppose -4*j - j - q*r = -60, -36 = -3*j - 2*r. Is 3/2*(j - 2) a prime number?
False
Is -638*3/(-3*2) a composite number?
True
Let o(p) be the third derivative of -p**6/120 + p**5/4 - 5*p**4/12 + p**3/6 + 4*p**2. Is o(7) composite?
True
Let o(p) = -890*p - 1. Is o(-1) composite?
True
Let s(p) = -8*p - 5. Is s(-9) a prime number?
True
Let x(p) = -36*p - 17. Let l = -11 + -1. Is x(l) a prime number?
False
Let q(g) = -g**3 - 16*g**2 + 3*g + 2. Let f be q(-11). Is f/(-16) + 6/(-8) a composite number?
True
Suppose 1637 + 580 = 3*p. Is p a composite number?
False
Is (-2)/9 - 0 - 7438/(-18) prime?
False
Let g = -11 + 23. Suppose 4*s + g = 0, -3*n = -2*s - s + 180. Is (-5)/(-2 + n/(-33)) prime?
False
Is ((-1330)/(-12) - -3)*6 prime?
True
Let c = 7 - 5. Suppose 2*u + 8 = 4*f - 0*f, 10 = c*f. Is u a composite number?
True
Suppose -3*k + 7*k = -5*c + 135, -4*c + 2*k = -82. Let f = c + 44. Is f a composite number?
False
Let p = 11022 - 6453. Is p a composite number?
True
Let v(c) = -14*c + 4. Let g = -13 + 8. Is v(g) prime?
False
Let x = 4 + -4. Suppose 2*c - 2 - 8 = x. Suppose 3*p - 331 = -4*t, -t + c*p = t - 133. Is t a prime number?
True
Let u(z) = -4*z**3 - 7*z**2 - 7*z - 13. Is u(-6) composite?
False
Let j be (-3788)/(-36) - (-4)/(-18). Suppose s = 2*s - j. Suppose -2*g = -3*x + 103, g + 2*g = 3*x - s. Is x a composite number?
True
Let i(x) = x**2 - 6*x - 5. Suppose 7*b = 2*b + 90. Suppose 4*p - b = 7*p. Is i(p) composite?
False
Suppose -5*i + 102 = -3*i. Let f = -15 + i. Suppose 3*h = 5*j + 104, h = 2*h - 3*j - f. Is h composite?
True
Let g = -137 - -232. Is g prime?
False
Suppose -2*x + b = 3*b - 10, -3*x = b - 15. Suppose x*u = 28 + 127. Is u composite?
False
Suppose 0 = -3*w - l + 10 + 2, -3*w = -4*l - 27. Suppose 12 = 5*n - n. Suppose -2*f - 797 = -w*y - 6*f, n*y = -f + 481. Is y a prime number?
False
Suppose -6*b + 5*b = -4. Suppose -b = -3*q + t, -2*q = 2*q - 4*t + 8. Is q composite?
False
Let l be 2/5 + (-72)/(-20). Suppose -u - l*p = 3, u + 5 = -2*p - 3*p. Suppose 2*d + 2*d + 3*y = 151, u*d + 5*y = 190. Is d composite?
False
Let j(b) = 4*b**3 - b. Let s be j(1). Suppose s*n - 95 = 10. Is n a composite number?
True
Suppose 3*z = -3*a - 2*z - 25, -2*z - 29 = 5*a. Let u(i) = -6*i**3 + 2*i**2 - 4*i - 2. Let c be u(a). Suppose -150 + c = 4*l. Is l prime?
True
Is -1 - 0 - (-14)/(-4)*-58 prime?
False
Let y(h) = -2*h - 1. Let p be (-9)/(-2)*12/(-9). Is y(p) composite?
False
Suppose 5*z + 7278 = 11*z. Is z a composite number?
False
Let f(u) = 4*u - u**2 - 2 + 2*u**2 - 2*u. Suppose -30 = 4*i + 2*q, 3*q = -3*i + 6*i + 9. Is f(i) a prime number?
False
Let s(j) = -5 + 2*j + 4 - 4. Let o be s(6). Suppose 4*x - 125 = o. Is x prime?
False
Suppose -20 = 4*j - 8*j. Suppose j*q + 6*r + 42 = 2*r, -4*q - 38 = r. Is q/(-4)*124/5 composite?
True
Let s = 129 - -1130. Is s composite?
False
Let q(a) = -a**3 + 8*a**2 + 8*a + 3. Let l be q(9). Let x = 39 + l. Is x prime?
False
Let f = -3 - 1. Let g = f - -6. Suppose 2*u = -2*j + g, -2*j = 2*j + 4. Is u a prime number?
True
Let g(f) = f**3 + 10*f**2 + 8*f - 4. Let y be g(-9). Suppose 4*z = 3*l - 109, -y*z = 3*l - 38 - 35. Is l a composite number?
False
Is (757/5)/(10/50) composite?
False
Let r(m) = 15*m + 8. Is r(9) prime?
False
Is 1/(79515/(-198975) + 4/10) a prime number?
False
Is (-11243)/(-9) + 10/(-45) prime?
True
Let w(h) = -6*h**2 + 1. Let a be w(-1). Let j = -3 - a. Suppose -7*f = -j*f - 110. Is f a composite number?
True
Suppose t - 6437 = -2*t - i, -i - 8592 = -4*t. Is t a prime number?
False
Suppose -3*g = -5*g + 110. Is g a prime number?
False
Suppose -2*q = 0, -4*q = b - 4*b + 3765. Is b prime?
False
Let w(m) = 18*m + 1. Let s be w(3). Suppose 14 + s = 3*h. Is h a prime number?
True
Suppose -4*i + 2*w + 85 = -1427, -2*i + 754 = -2*w. Is i prime?
True
Suppose 4*v + 3 = 5*f, -4*f = 3*v - 17 - 4. Suppose -103 - 74 = -f*x. Is x prime?
True
Is (-1 + 0/(-3))*-409 prime?
True
Suppose 12 = -3*o, -x = 3*x - o - 52. Suppose 0*q + x = 2*q. Let s(t) = 2*t + 7. Is s(q) a prime number?
True
Let v = 1 - -1. Suppose -i + v = -2. Is (i + -11)*(-2)/2 prime?
True
Let a = 910 + -207. Is a prime?
False
Suppose -s = 1 + 3. Let j be -16*(-21 - s/2). Let u = -189 + j. Is u a prime number?
False
Let n(y) = 2*y - 10. Let g be n(7). Suppose -g*a + 550 + 78 = 0. Suppose 0 = -4*x + 3*x + 4*i + a, 2*x + 5*i - 262 = 0. Is x composite?
True
Suppose -5*l + 5*p = -5, l + 3*l - 7 = p. Let g = l + 0. Suppose 4*m + 2*s = 62, g*m + s = 4*s + 11. Is m a composite number?
False
Let f be ((-1 - 2) + 2)*-5. Let d(u) = -u**3 + 6*u**2 - 4*u - 5. Let j be d(f). Suppose -2*i + j*i = -5*z - 91, -2*z + 218 = 4*i. Is i composite?
False
Is (-3)/((-4)/36*3) composite?
True
Let r(b) be the second derivative of 2*b**3/3 - 3*b**2/2 - 2*b. Let a be r(2). Suppose -4*z + 5*i = -67, a*z - 77 = 4*i - 0*i. Is z prime?
True
Let d(y) = -y - 48 + 47 + 36 + 176 + y**2. Is d(0) prime?
True
Let k(q) = -q**3 + 5*q**2 + 2*q - 7. Let u(i) = -i**2 - 12*i - 6. Let n be u(-11). Let t be k(n). Is 140/t + 1/3 prime?
True
Let q(t) = -41*t - 3. Let l be q(-10). Suppose -4*o + 410 = 2*s, 0 = -2*s - 2*o - 3*o + l. Is s a composite number?
False
Let a be -1 + 5/((-5)/(-32)). Let l = 68 - a. Is l a prime number?
True
Let n(l) be the first derivative of -l**2 + 11*l + 1. Is n(-10) composite?
False
Suppose -2*n + 1291 = 3*n - 2*u, -5*u = -n + 249. Is n prime?
False
Suppose 2*y - 2249 = -3*o, 4*y - 526 = -3*o + 1713. Is o prime?
False
Let m = 7 - 5. Suppose -m*y + 94 = 4*v, 4*y = 2*y - 2*v + 96. Is y a composite number?
True
Suppose -5*w = -5 - 5. Suppose w*g = 4*g - 1162. Is g composite?
True
Suppose -6*q = -24550 + 7384. Is q prime?
True
Let p(a) = 3*a + 25 - a**2 - 10 + 2*a**2. Is p(-13) prime?
False
Is 6894/4 - 9/18 prime?
True
Suppose 3*v - 235 - 590 = 0. Suppose 0 = -5*z + o + 1017, -2*z + 137 = -3*o - v. Is z composite?
True
Let m(r) be the first derivative of 25*r**2/2 - 3*r - 1. Let n be m(2). Suppose 0*d - 5*d - 10 = 0, 0 = w - 5*d - n. Is w a composite number?
False
Let x(l) = 20*l - 9. Suppose 7*g - 24 = 3*g. Is x(g) a composite number?
True
Let q be (-174)/(-15) + (-4)/(-10). Let p = q + -6. Is p composite?
True
Let i = -157 - -59. Let d = 375 - i. Is d a prime number?
False
Let j = 1 - -5. Let p(g) = 65*g + 1. Is p(j) prime?
False
Let g = -4 - -7. Is 0 + (3/g - -78) a composite number?
False
Suppose -4*j - n = -2515, -2514 = -4*j - 0*n - 2*n. Is j composite?
True
Is (-1)/(1/(-156)) - -1 composite?
False
Let v = 29 - 41. Is 3/v - 1949/(-4) a composite number?
False
Suppose -d + 55 + 13 = 3*z, 2*d - 3*z = 163. Suppose 0 = 2*u - 5*m - 27, 2*u + 5*m - d = -0*u. Is (3 + 0)/6*u composite?
False
Is ((-42426)/(-45))/((-4)/(-10)) a composite number?
False
Let t(v) be the third derivative of 17*v**5/30 + v**4/24 + v**3/6 + 2*v**2. Let a = 3 - 4. Is t(a) composite?
True
Let p(k) = 66*k - 5. Is p(2) prime?
True
Is (-80 - 1 - -2)/(-1) prime?
True
Let t = 27 + 6. Suppose -3*b - 5*f = -32, 5*b + 2*f - t = -5. Suppose 3*q = b*g + 121, -q - 4*g - 215 = -6*q. Is q prime?
True
Let d(x) = x + 1. Suppose -4*g - g = 25. Let t be d(g). Let i(r) = 3*r**2 + 3*r + 1. Is i(t) composite?
False
Let x = 17 - -158. Let m be 0 + (-2)/((-2)/x). Suppose 4*f - 3*o - m = -3, 0 = -5*o. Is f prime?
True
Let j(v) = -2*v - 5. Let t be j(-4). Suppose -t*k = -4*o + 58, -4*o + 4 = -0*o. Let g = 43 + k. Is g a composite number?
True
Let y = -163 - -534. Is y composite?
True
Is 8618/18 - (14/18 - 1) a prime number?
True
Let i be (-5)/((-75)/84)*5. Let j = 2 - i. Let f = j - -40. Is f prime?
False
Let q = 5454 - 3831. Is q composite?
True
Let x(q) = -999*q + 1. Let r be x(4). Let y = -2650 - r. Suppose 0 = 4*h - z - y, -4*z = -2*h - 0*z + 662. Is h composite?
False
Let m = 13 + -14. Is (m - 0)/(6/(-1146)) composite?
False
Let b be (-2 - -3) + (-1 - 2). Let y(c) = -42*c**3 - c**2 + c + 1. Is y(b) a composite number?
False
Let o be 3/(5/(-4) + 2). Suppose -o*q = -0*q - 1148. Is q prime?
False
Suppose -x = 4*x. Let u = 138 + x. Suppose -5*f + n = -186 - 4, 4*f = -2*n + u. Is 